{"id":2,"date":"2022-04-27T10:04:36","date_gmt":"2022-04-27T10:04:36","guid":{"rendered":"http:\/\/localhost\/wordpress\/?page_id=2"},"modified":"2022-08-02T12:39:49","modified_gmt":"2022-08-02T12:39:49","slug":"sample-page","status":"publish","type":"page","link":"https:\/\/www.stmichael.cz\/","title":{"rendered":"Home"},"content":{"rendered":"\n<p>Asociace Evropsk\u00e9 centrum star\u00e9ho sakr\u00e1ln\u00edho um\u011bn\u00ed (ECSSU) organicky vze\u0161la z \u0161ir\u0161\u00edho spektra ofici\u00e1ln\u00edch pam\u00e1tk\u00e1\u0159sk\u00fdch a kulturn\u011b-vzd\u011bl\u00e1vac\u00edch instituc\u00ed, kter\u00e9 usilovaly o d\u016fslednou ochranu \u0159ady pam\u00e1tek na\u0161eho n\u00e1rodn\u00edho kulturn\u00edho d\u011bdictv\u00ed ji\u017e od sam\u00e9ho po\u010d\u00e1tku polistopadov\u00e9 \u00e9ry. ECSSU specificky zam\u011b\u0159ila sv\u00e9 \u00fasil\u00ed na p\u0159\u00edpad chr\u00e1mu sv. Michaela Archand\u011bla na Star\u00e9m M\u011bst\u011b pra\u017esk\u00e9m. <\/p>\n","protected":false},"excerpt":{"rendered":"<p>Asociace Evropsk\u00e9 centrum star\u00e9ho sakr\u00e1ln\u00edho um\u011bn\u00ed (ECSSU) organicky vze\u0161la z \u0161ir\u0161\u00edho spektra ofici\u00e1ln\u00edch pam\u00e1tk\u00e1\u0159sk\u00fdch a kulturn\u011b-vzd\u011bl\u00e1vac\u00edch instituc\u00ed, kter\u00e9 usilovaly o d\u016fslednou ochranu \u0159ady pam\u00e1tek na\u0161eho n\u00e1rodn\u00edho kulturn\u00edho d\u011bdictv\u00ed ji\u017e od sam\u00e9ho po\u010d\u00e1tku polistopadov\u00e9 \u00e9ry. ECSSU specificky zam\u011b\u0159ila sv\u00e9 \u00fasil\u00ed na p\u0159\u00edpad chr\u00e1mu sv. Michaela Archand\u011bla na Star\u00e9m M\u011bst\u011b pra\u017esk\u00e9m.<\/p>\n","protected":false},"author":1,"featured_media":0,"parent":0,"menu_order":0,"comment_status":"closed","ping_status":"closed","template":"","meta":{"neve_meta_sidebar":"","neve_meta_container":"","neve_meta_enable_content_width":"","neve_meta_content_width":0,"neve_meta_title_alignment":"","neve_meta_author_avatar":"","neve_post_elements_order":"","neve_meta_disable_header":"","neve_meta_disable_footer":"","neve_meta_disable_title":"","footnotes":""},"class_list":["post-2","page","type-page","status-publish","hentry"],"_links":{"self":[{"href":"https:\/\/www.stmichael.cz\/index.php?rest_route=\/wp\/v2\/pages\/2","targetHints":{"allow":["GET"]}}],"collection":[{"href":"https:\/\/www.stmichael.cz\/index.php?rest_route=\/wp\/v2\/pages"}],"about":[{"href":"https:\/\/www.stmichael.cz\/index.php?rest_route=\/wp\/v2\/types\/page"}],"author":[{"embeddable":true,"href":"https:\/\/www.stmichael.cz\/index.php?rest_route=\/wp\/v2\/users\/1"}],"replies":[{"embeddable":true,"href":"https:\/\/www.stmichael.cz\/index.php?rest_route=%2Fwp%2Fv2%2Fcomments&post=2"}],"version-history":[{"count":5,"href":"https:\/\/www.stmichael.cz\/index.php?rest_route=\/wp\/v2\/pages\/2\/revisions"}],"predecessor-version":[{"id":64,"href":"https:\/\/www.stmichael.cz\/index.php?rest_route=\/wp\/v2\/pages\/2\/revisions\/64"}],"wp:attachment":[{"href":"https:\/\/www.stmichael.cz\/index.php?rest_route=%2Fwp%2Fv2%2Fmedia&parent=2"}],"curies":[{"name":"wp","href":"https:\/\/api.w.org\/{rel}","templated":true}]}}

<p>Asociace Evropské centrum starého sakrálního umění (ECSSU) organicky vzešla z širšího spektra oficiálních památkářských a kulturně-vzdělávacích institucí, které usilovaly o důslednou ochranu řady památek našeho národního kulturního dědictví již od samého počátku polistopadové éry. ECSSU specificky zaměřila své úsilí na případ chrámu sv. Michaela Archanděla na Starém Městě pražském. </p>

<p>Asociace Evropské centrum starého sakrálního umění (ECSSU) organicky vzešla z širšího spektra oficiálních památkářských a kulturně-vzdělávacích institucí, které usilovaly o důslednou ochranu řady památek našeho národního kulturního dědictví již od samého počátku polistopadové éry. ECSSU specificky zaměřila své úsilí na případ chrámu sv. Michaela Archanděla na Starém Městě pražském.</p>
